{"id":126,"date":"2016-03-25T21:44:56","date_gmt":"2016-03-25T21:44:56","guid":{"rendered":"http:\/\/dgaspcmures.ro\/corai\/?page_id=126"},"modified":"2017-09-06T12:32:21","modified_gmt":"2017-09-06T11:32:21","slug":"evolutia-proiectului","status":"publish","type":"page","link":"https:\/\/dgaspcmures.ro\/corai\/evolutia-proiectului\/","title":{"rendered":"EVOLU\u021aIA PROIECTULUI"},"content":{"rendered":"<p><strong>EVOLU\u021aIA PROIECTULUI<\/strong><\/p>\n<p>\u2013 a fost numit\u0103 echipa de management \u015fi implementare a proiectului<\/p>\n<p>\u2013 au fost achizionate bunuri \u015fi echipamente \u015fi s-a dotat spa\u0163iul \u00een care \u00ee\u015fi desf\u0103\u015foar\u0103 activitatea Serviciul \u201eTelefonul copilului \u015fi echipa mobil\u0103\u201d (mobilier, central\u0103 telefonic\u0103, echipamente IT, echipamente audio video, etc)<\/p>\n<p>\u2013 au fost angaja\u0163i doi psihologi \u00een cadrul Serviciului \u201etelefonul copilului \u015fi echipa mobil\u0103\u201d<\/p>\n<p>\u2013 au fost angaja\u0163i doi asisten\u0163i sociali \u00een cadrul Serviciului \u201etelefonul copilului \u015fi echipa mobil\u0103\u201d<\/p>\n<p>\u2013 noii angaja\u0163i au participat la cursuri de formare profesionala in domeniul prevenirii si interven\u0163iei \u00een cazuri de abuz a copilului<\/p>\n<p>\u2013 s-au elaborat o parte din procedurile interne de lucru din cadrul Serviciului Telefonul copilului si echipa mobila<\/p>\n<p>\u2013 Serviciul \u201cTelefonul copilului si echipa mobila\u201d ofer\u0103 servicii de consiliere \u015fi interven\u0163ie la cazurile sesizate<\/p>\n<p>\u2013 Asocia\u0163ia \u201cSalva\u0163i copiii\u201d \u2013 filiala Mure\u015f ofer\u0103 servicii de consiliere psihologic\u0103 copiilor a c\u0103ror situa\u0163ie de risc a fost sesizat\u0103 la Serviciul \u201cTelefonul copilului si echipa mobila\u201d<\/p>\n<p>\u2013 Asocia\u0163ia \u201cSalva\u0163i copiii\u201d \u2013 filiala Mure\u015f ofer\u0103 servicii de consiliere \u015fi educatie parentala p\u0103rin\u0163ilor copiilor abuza\u0163i, neglija\u0163i si\/sau exploata\u0163i a c\u0103ror situa\u0163ie a fost sesizat\u0103 la Serviciul \u201cTelefonul copilului si echipa mobila\u201d<\/p>\n<p>\u2013 a fost activat TELVERDE \u201eTelefonul copilului\u201d: 0800 800 883 ca numar unic de urgenta gratuit de semnalare a cazurilor de abuz, neglijare si\/sau exploatare a copilului<\/p>\n<p>\u2013 a fost conceput si se difuzeaz\u0103 la posturile locale de televiziune un spot tv de promovare a TELVERDE \u201eTelefonul copilului\u201d<\/p>\n<p>\u2013 a fost emis\u0103 Hot\u0103r\u00e2rea Consiliului Jude\u0163ean Mure\u015f nr.92 din 16.07.2015 privind aprobarea constituirii Echipei Intersectoriale Locale (EIL) Mure\u015f pentru prevenirea, combaterea violen\u0163ei \u015fi exploat\u0103rii copilului \u015fi a Regulamentului de organizare \u015fi func\u0163ionare al acesteia. EIL se \u00eentrune\u015fte \u00een sedin\u0163e lunare \u00een care se discut\u0103 despre nout\u0103\u0163i legislative, proceduri comune de lucru \u015fi cazuri sesizate<\/p>\n<p>\u2013 a fost elaborat <strong>\u201cGhidul metodologic de actiune\/interventie <\/strong><strong>\u00een situa\u0163ii de risc pentru copil\u201d<\/strong> destinat speciali\u015ftilor din domeniul interven\u0163iei \u015fi combaterii violen\u0163ei \u015fi exploat\u0103rii copiilor din jude\u0163ul Mure\u015f<\/p>\n<p>\u2013 a fost elaborat \u201c<strong>Ghidul de comunicare cu copii afla\u0163i <\/strong><strong>\u00een situa\u0163ii de risc<\/strong><strong>\u201d<\/strong> (inclusiv cu victime copii analfabeti, cu deficiente mintale sau cu diverse alte afectiuni senzoriale \u2013 surditate, mutitate, nevazatori, etc)<\/p>\n<p>\u2013 \u00een luna aprilie a.c. se organizeaz\u0103 \u015fase sesiuni de diseminare a celor dou\u0103 Ghiduri metodologice intocmite \u2013 c\u0103tre personalul cu atributii in domeniul protectiei drepturilor copilului din cadrul autoritatilor locale din jude\u0163ul Mure\u015f \u00a0(Politie, Primarii, spitale, s.a.).<\/p>\n<ul>\n<li class=\"western\"><span style=\"font-family: Arial,sans-serif;\"><span lang=\"it-IT\">Au fost realizate la sediul DGASPC Mure\u0219 \u00een data de 5,6,7 aprilie 2016 cele 3 sesiuni de diseminare a Ghidului metodologic de ac\u0163iune\/interven\u0163ie \u00een situa\u0163ii de risc pentru copil \u015fi a Ghidului de comunicare cu copilul aflat \u00een situa\u0163ii de risc adresate unui num\u0103r de speciali\u0219ti cu activitate \u00een domeniul prevenirii, combaterii violen\u021bei asupra copiilor -100 politisti din judetul Mure\u0219.<\/span><\/span><\/li>\n<li class=\"western\"><span style=\"font-family: Arial,sans-serif;\"><span lang=\"it-IT\">Au fost realizate la sediul DGASPC Mure\u0219 \u00een data de 12 \u0219i 14 aprilie 2016 cele 2 sesiuni de diseminare a Ghidului metodologic de ac\u0163iune\/interven\u0163ie \u00een situa\u0163ii de risc pentru copil \u015fi a Ghidului de comunicare cu copilul aflat \u00een situa\u0163ii de risc adresate unui num\u0103r de 102 asistenti sociali sua personae cu atribu\u021bii de asisten\u021b\u0103 social\u0103 \u0219i cadrul Prim\u0103riilor din jude\u021bul Mure\u0219.<\/span><\/span><\/li>\n<li class=\"western\"><span style=\"font-family: Arial,sans-serif;\"><span lang=\"it-IT\">A fost realizat\u0103 la sediul DGASPC Mure\u0219 \u00een data de 26 aprilie 2016 o sesiune de diseminare a Ghidului metodologic de ac\u0163iune\/interven\u0163ie \u00een situa\u0163ii de risc pentru copil \u015fi a Ghidului de comunicare cu copilul aflat \u00een situa\u0163ii de risc adresate unui num\u0103r de 25 speciali\u0219ti cu activitate \u00een domeniul prevenirii, combaterii violen\u021bei asupra copiilor \u2013 poli\u021bi\u0219ti, asistenti sociali din cadrul Prim\u0103riilor din judetul Mure\u0219, speciali\u0219ti din alte institu\u021bii membre ale Echipei Locale intersectoriale locale pentru prevenirea, combaterea violen\u021bei \u0219i exploat\u0103rii copilului \u0219i speciali\u0219ti ai DGASPC Mure\u0219.<\/span><\/span><\/li>\n<li class=\"western\"><span style=\"font-family: Arial,sans-serif;\"><span lang=\"it-IT\">In cadrul acestor sesiuni s-a realizat prezentarea Ghidului de comunicare cu copilul aflat \u00een risc precum \u0219i aspecte privind comunicarea cu copilul aflat \u00een risc, semnele evocatoare ale abuzului fizic, emo\u0163ional, sexual, exploatarea copilului, prezentarea structurii Ghidului metodologic de ac\u0163iune \/ interven\u0163ie \u00een situa\u0163ii de risc pentru copil, aspecte privind Interven\u0163ia interinstitutional\u0103 dup\u0103 primirea sesiz\u0103rii la Prim\u0103rie, Activit\u0103\u0163i \u015fi responsabilit\u0103\u0163i specifice, Prezentarea coresponden\u0163ei forma de abuz-infrac\u0163iune, Interven\u0163ia interinstitutional\u0103 dup\u0103 primirea sesiz\u0103rii la Politie, aspecte privind Interven\u0163ia interinstitutional\u0103 dup\u0103 primirea sesiz\u0103rii la D.G.A.S.P.C. Mures \u2013 Serviciul de interven\u0163ie \u00een regim de urgen\u0163\u0103, abuz, neglijare, trafic, migrare, telefonul copilului, Concluzii, Discu\u0163ii, Dezbateri, Exemple practice, Completarea chestionarului la finalul sesiunilor.<\/span><\/span><\/li>\n<li class=\"western\"><span style=\"font-family: Arial,sans-serif;\"><span lang=\"it-IT\">La finalul sesiunilor de diseminare au fost aplicate \u0219i prelucrate chestionarele privind modul de organizare \u015fi desf\u0103\u015furare a sesiunilor de lucru, care au eviden\u0163iat faptul c\u0103 , pe baza celor mentionate mai sus consideram ca obiectivele diseminarii celor dou\u0103 ghiduril metodologice catre cei 247 de speciali\u015fti din judetul Mures au fost indeplinite.<\/span><\/span><\/li>\n<\/ul>\n<p>&#8211; \u00cen data de <strong>11 mai 2016<\/strong> \u00een centrul localit\u0103\u0163ii Dane\u015f s-a desf\u0103\u015furat campanie de con\u015ftientizare a problematicii abuzurilor asupra copiilor la l care au participat peste 100 de copii, p\u0103rin\u0163i \u015fi cadre didactice. \u00cen cadrul campaniei s-a promovat Telverde Telefonul Copilului 0800800883 \u015fi s-au distribuit materiale promo\u0163ionale cuprinz\u00e2nd informa\u0163ii despre proiect \u015fi finan\u0163atorii lui ( \u015fepci, tricouri, umbrele, plase inscrip\u0163ionate ). Campania la care au participat si cei doi parteneri ai proiectului IPJ Mure\u015f si Sava\u0163i Copiii- filiala Mure\u015f, a avut un caracter interactiv \u015fi feed-back pozitiv, asigur\u00e2nd astfel promovarea Telverde \u015fi la restul locuitorilor prin intermediul participantilor la campanie (galeria foto \u00een sec\u0163iunea media).<\/p>\n<p>&#8211; \u00cen data de <strong>16 mai 2016<\/strong> \u00een centrul localit\u0103\u0163ii S\u0103rma\u015fu s-a desf\u0103\u015furat campanie de con\u015ftientizare a problematicii abuzurilor asupra copiilor la l care au participat peste 150 de copii, p\u0103rin\u0163i \u015fi cadre didactice. \u00cen cadrul campaniei s-a promovat Telverde Telefonul Copilului 0800800883 \u015fi s-au distribuit materiale promo\u0163ionale cuprinz\u00e2nd informa\u0163ii despre proiect \u015fi finan\u0163atorii lui ( \u015fepci, tricouri, umbrele, plase inscrip\u0163ionate ). Campania la care au participat si cei doi parteneri ai proiectului IPJ Mure\u015f si Sava\u0163i Copiii- filiala Mure\u015f, a avut un caracter interactiv \u015fi feed-back pozitiv, asigur\u00e2nd astfel promovarea Tel Verde \u015fi la restul locuitorilor prin intermediul participantilor la campanie(galeria foto \u00een sec\u0163iunea media).<\/p>\n<p>&#8211; \u00cen data de <strong>19 mai 2016<\/strong> \u00een centrul localit\u0103\u0163ii Iernut s-a desf\u0103\u015furat campanie de con\u015ftientizare a problematicii abuzurilor asupra copiilor la l care au participat peste 150 de copii, p\u0103rin\u0163i \u015fi cadre didactice. \u00cen cadrul campaniei s-a promovat Telverde Telefonul Copilului 0800800883 \u015fi s-au distribuit materiale promo\u0163ionale cuprinz\u00e2nd informa\u0163ii despre proiect \u015fi finan\u0163atorii lui ( \u015fepci, tricouri, umbrele, plase inscrip\u0163ionate ). Campania la care au participat si cei doi parteneri ai proiectului IPJ Mure\u015f si Sava\u0163i Copiii- filiala Mure\u015f, a avut un caracter interactiv \u015fi feed-back pozitiv, asigur\u00e2nd astfel promovarea Tel Verde \u015fi la restul locuitorilor prin intermediul participantilor la campanie(galeria foto \u00een sec\u0163iunea media).<\/p>\n<p>&#8211; \u00cen data de <strong>25 mai 2016<\/strong> \u00een centrul localit\u0103\u0163ii T\u00e2rn\u0103veni s-a desf\u0103\u015furat campanie de con\u015ftientizare a problematicii abuzurilor asupra copiilor la care au participat peste 150 de copii, p\u0103rin\u0163i \u015fi cadre didactice. \u00cen cadrul campaniei s-a promovat Telverde Telefonul Copilului 0800800883 \u015fi s-au distribuit materiale promo\u0163ionale cuprinz\u00e2nd informa\u0163ii despre proiect \u015fi finan\u0163atorii lui ( \u015fepci, tricouri, umbrele, plase inscrip\u0163ionate ). Campania la care au participat si cei doi parteneri ai proiectului IPJ Mure\u015f si Sava\u0163i Copiii- filiala Mure\u015f, a avut un caracter interactiv \u015fi feed-back pozitiv, asigur\u00e2nd astfel promovarea Tel Verde \u015fi la restul locuitorilor prin intermediul participantilor la campanie (galeria foto \u00een sec\u0163iunea media).<\/p>\n<p>&#8211; Cu ocazia<strong> Zilei Interna\u0163ionale a Copilului<\/strong>, la loca\u0163ia Platoul Corne\u015fti din Municipiul T\u00e2rgu Mure\u015f s-a desf\u0103\u015furat campanie de con\u015ftientizare a problematicii abuzurilor asupra copiilor la l care au participat peste 300 de copii, p\u0103rin\u0163i \u015fi cadre didactice. \u00cen cadrul campaniei s-a promovat Telverde Telefonul Copilului 0800800883 \u015fi s-au distribuit materiale promo\u0163ionale cuprinz\u00e2nd informa\u0163ii despre proiect \u015fi finan\u0163atorii lui (\u015fepci, tricouri, umbrele, plase inscrip\u0163ionate). Campania la care au participat si cei doi parteneri ai proiectului IPJ Mure\u015f si Sava\u0163i Copiii- filiala Mure\u015f, a avut un caracter interactiv, \u00een cadrul acestuia fiind organizate concursuri, jocuri cu mingea \u015fi cu baloane, desene pe asfalt, asigur\u00e2nd astfel promovarea Telverde \u015fi la restul locuitorilor prin intermediul participantilor la campanie (galeria foto \u00een sec\u0163iunea media).<\/p>\n<ul>\n<li>\n<p class=\"western\" align=\"justify\"><span style=\"font-family: Arial,sans-serif;\"><span lang=\"it-IT\">Specialistii serviciului Telefonul copilului si echipa mobila preiau zilnic apelurile telefonice sosite pe linia Telverde, oferind consiliere \u015fi, \u00een func\u0163ie de gravitatea cazului sesizat, se deplaseaz\u0103 \u00een teren pentru a lua m\u0103surile care se impun. De la activarea sa, un num\u0103r de 509 cazuri de abuz, neglijare sau exploatare a copilului au fost sesizate prin intermediul Telefonului copilului.<\/span><\/span><\/p>\n<\/li>\n<li>\n<p class=\"western\" align=\"justify\"><span style=\"font-family: Arial,sans-serif;\"><span lang=\"it-IT\">Spotul tv de promovare a Telverde se difuzeaz\u0103 \u00een continuare pe posturile tv locale.<\/span><\/span><\/p>\n<\/li>\n<li>\n<p class=\"western\" align=\"justify\"><span style=\"font-family: Arial,sans-serif;\"><span lang=\"it-IT\">Psihologii Asocia\u0163iei Salva\u0163i Copiii &#8211; filiala Mure\u015f ofer\u0103 consiliere psihologic\u0103 copiilor a c\u0103ror situa\u0163ie de risc a fost sesizat\u0103 prin Telefonul copilului. Peste 60 de copii au fost consilia<\/span><\/span><span style=\"font-family: Arial,sans-serif;\"><span lang=\"ro-RO\">\u0163i de la \u00eenceputul proiectului.<\/span><\/span><\/p>\n<\/li>\n<li>\n<p class=\"western\" style=\"text-align: left;\" align=\"justify\"><span style=\"font-family: Arial,sans-serif;\"><span lang=\"it-IT\">Asocia\u0163ia Salva\u0163i Copiii &#8211; filiala Mure\u015f desf\u0103\u015foar\u0103 \u015fedin\u0163e de educa\u0163ie parental\u0103 adresate p\u0103rin\u0163ilor a c\u0103ror copii s-au aflat \u00een situa\u0163ii de risc. Un num\u0103r de 40 de p\u0103rin\u0163i au primit consiliere. <\/span><\/span><\/p>\n<\/li>\n<\/ul>\n<p class=\"western\" align=\"justify\"><span style=\"font-family: Arial,sans-serif;\"><span lang=\"ro-RO\">\u00cen data de 20 septembrie 2016 a avut loc conferin\u0163a de \u00eenchidere a proiectului, la care au participat reprezentan\u0163i ai tuturor institu\u0163iilor cu atribu\u0163ii \u00een prevenirea \u015fi combaterea violen\u0163ei asupra copiilor at\u00e2t din jude\u0163ul Mure\u015f c\u00e2t \u015fi de la institu\u0163iile omoloage din regiunea Centru (respectiv din Alba-Iulia, Bra\u015fov, Covasna, Harghita, Sibiu). Au luat cuv\u00e2ntul reprezentan\u0163i ai Institu\u0163iei Prefectului Mure\u015f, a Consiliului Jude\u0163ean Mure\u015f \u015fi conducerea institu\u0163iilor \u015fi organiza\u0163iei implicate \u00een proiect. Au fost descrise: proiectul implementat, beneficiarii lui, rezultatele ob\u0163inute \u015fi dificult\u0103\u0163ile \u00eent\u00e2mpinate. Au fost prezentate \u015fi acordate participan\u0163ilor cele dou\u0103 ghiduri metodologice concepute. Au avut loc discu\u0163ii despre utilitatea serviciilor \u00eenfiin\u0163ate \u015fi necesitatea colabor\u0103rii dintre institu\u0163ii \u00een problematica abuzului copiilor.<\/span><\/span> <span style=\"font-family: Arial,sans-serif;\"><span lang=\"ro-RO\">Concluzia tuturor a fost ca proiectul a fost un succes si poate si replicat si in alte judete. (vezi imagini de la eveniment la rubrica \u201eGalerie foto\u201d)<\/span><\/span><\/p>\n","protected":false},"excerpt":{"rendered":"<p>EVOLU\u021aIA PROIECTULUI \u2013 a fost numit\u0103 echipa de management \u015fi implementare a proiectului \u2013 au fost achizionate bunuri \u015fi echipamente \u015fi s-a dotat spa\u0163iul \u00een care \u00ee\u015fi desf\u0103\u015foar\u0103 activitatea Serviciul \u201eTelefonul copilului \u015fi echipa mobil\u0103\u201d (mobilier, central\u0103 telefonic\u0103, echipamente IT, echipamente audio video, etc) \u2013 au fost angaja\u0163i doi psihologi \u00een cadrul Serviciului \u201etelefonul copilului [&hellip;]<\/p>\n","protected":false},"author":1,"featured_media":0,"parent":0,"menu_order":0,"comment_status":"closed","ping_status":"closed","template":"","meta":{"footnotes":""},"class_list":["post-126","page","type-page","status-publish","hentry"],"_links":{"self":[{"href":"https:\/\/dgaspcmures.ro\/corai\/wp-json\/wp\/v2\/pages\/126","targetHints":{"allow":["GET"]}}],"collection":[{"href":"https:\/\/dgaspcmures.ro\/corai\/wp-json\/wp\/v2\/pages"}],"about":[{"href":"https:\/\/dgaspcmures.ro\/corai\/wp-json\/wp\/v2\/types\/page"}],"author":[{"embeddable":true,"href":"https:\/\/dgaspcmures.ro\/corai\/wp-json\/wp\/v2\/users\/1"}],"replies":[{"embeddable":true,"href":"https:\/\/dgaspcmures.ro\/corai\/wp-json\/wp\/v2\/comments?post=126"}],"version-history":[{"count":18,"href":"https:\/\/dgaspcmures.ro\/corai\/wp-json\/wp\/v2\/pages\/126\/revisions"}],"predecessor-version":[{"id":357,"href":"https:\/\/dgaspcmures.ro\/corai\/wp-json\/wp\/v2\/pages\/126\/revisions\/357"}],"wp:attachment":[{"href":"https:\/\/dgaspcmures.ro\/corai\/wp-json\/wp\/v2\/media?parent=126"}],"curies":[{"name":"wp","href":"https:\/\/api.w.org\/{rel}","templated":true}]}}